ctors of a?
19
Let w = -129 - -248. Let z = w + -78. What are the prime factors of z?
41
Let f be 2*(-10)/(-4) + -2. Let v(j) = 4*j**2 - j**f + 1 - 4*j - 3*j + 5*j**2. List the prime factors of v(8).
3
Let v(s) be the third derivative of s**5/30 + s**4/6 - 5*s**3/3 - 3*s**2. List the prime factors of v(-5).
2, 5
Let z be (-1 + -1)*24/(-16). Suppose z*b = 10 + 2. What are the prime factors of b?
2
Let r = -7 - -16. What are the prime factors of r?
3
List the prime factors of 46/10 - 2/(-5).
5
Let m = 2 + -2. Suppose m*a - 5*a = 2*y - 45, -2*a + 60 = 5*y. Suppose -s + 0*s = -3*f - 2, -5*s + y = 5*f. List the prime factors of s.
2
Let f = -13 - -37. List the prime factors of f.
2, 3
Let u = 18 + -12. Suppose u*v + 3*p - 63 = v, -5*v + 83 = -2*p. List the prime factors of v.
3, 5
Let c = 8 + 20. Suppose -2*f - f + 18 = 2*s, f + c = 5*s. Suppose 0*x + 2*x = s. What are the prime factors of x?
3
Suppose x + 4*x - 105 = 0. Suppose -2*g - 3*g = -2*l - x, -5*g + 9 = 2*l. Suppose -9 = -g*o + 9. What are the prime factors of o?
2, 3
Let a(o) = o + 9. Let z be a(-5). Suppose 4*x + 8 = j - 0*j, z*j - 97 = 3*x. What are the prime factors of j?
2, 7
Suppose 2*y - 7 + 3 = 0. Let o = y + 19. What are the prime factors of 17/3 + (-14)/o?
5
Let k be (-4)/2 - (1 - 19). Let g = k + 1. Suppose 5 = -4*m + g. List the prime factors of m.
3
Suppose -11*u + 300 = -5*u. List the prime factors of u.
2, 5
Let v(z) = z**3 + 8*z**2 - 3*z + 10. Let q be v(-8). Suppose 0*x = x - q. List the prime factors of x.
2, 17
Suppose -4*z + 354 = -l + 6*l, -3*l + 205 = -5*z. List the prime factors of l.
2, 5, 7
Suppose 20 = 3*s + s. Suppose -96 = -s*o + 2*o. What are the prime factors of o?
2
Suppose 0 = o - 5 + 13. Let k be o/(-3)*12/8. Suppose -2*f - 15 = -4*d - f, k*f = 4. What are the prime factors of d?
2
Let h = -6 - 3. Let k = h + 30. Let m = k - 13. List the prime factors of m.
2
Suppose -3*j + 39 = 5*z - 31, -34 = -2*j + 3*z. List the prime factors of j.
2, 5
Suppose 4*l + 23 = j, 3*j + 2*j - 67 = 4*l. What are the prime factors of j?
11
Let z = 51 - -18. List the prime factors of z.
3, 23
Suppose 0 = 2*u + 2*u - 12. Suppose v = -u*v. Suppose v = 2*w + w - 12. What are the prime factors of w?
2
Suppose -4*a + 34 + 38 = 0. Suppose b - 5*h = 6 - a, -3*b + 3*h = 0. Suppose m = 2*p, -2*m + 5*p = m - b. What are the prime factors of m?
2, 3
Suppose 4*t + 2*z = 1584, 2*z - z = -2. List the prime factors of t.
397
Let b = 9 - -2. Suppose -q = -b + 3. List the prime factors of q.
2
Let o(u) = u + 4. Let l be o(0). Suppose -38 = -l*w + 6. What are the prime factors of w?
11
Let o = 7 + -6. What are the prime factors of -25*(-2 - -1) - o?
2, 3
Let s be (0 - 2) + 12/3. List the prime factors of 45 - 0/(-3 + s).
3, 5
Let d(a) = 7*a + 2. What are the prime factors of d(3)?
23
Suppose -5*c + 1 = -24. Suppose -39 = -5*w + 4*w. Suppose -w = -c*x + 2*x. What are the prime factors of x?
13
Let v(z) = z**2 + 11*z. Let u be v(-4). Suppose 5 - 18 = c. Let a = c - u. List the prime factors of a.
3, 5
What are the prime factors of (-1 - 1/2) + 102/4?
2, 3
Suppose 4*o + 0*o + 12 = 0. List the prime factors of o/(9/(-15)) - 1.
2
Suppose t = -2*t + 204. Suppose 2*u + 138 = 4*g, -5*u = -4*g + 215 - t. List the prime factors of g.
3, 11
Let n(i) be the second derivative of -i**5/60 - 3*i**4/8 - 3*i**3/2 + i**2/2 - i. Let x(v) be the first derivative of n(v). What are the prime factors of x(-6)?
3
Let c = 58 + -38. Suppose -5*v - c = -v. What are the prime factors of (1*3)/((-1)/v)?
3, 5
Suppose r + 4*r + 22 = 2*h, 3*h - 3*r = 33. What are the prime factors of h?
11
Let k = 12 + -3. Suppose 3*l + 0 = k. What are the prime factors of l?
3
Let r(v) = 52*v**2 - 5*v - 4. What are the prime factors of r(-2)?
2, 107
Let u = 48 - 74. Let t = u - -73. List the prime factors of t.
47
Suppose 4*g = 2*g - 26. Let j = 22 + g. What are the prime factors of j?
3
Let y = 6 - 2. Let i = 1 + y. Suppose 0*l - i*f - 8 = -l, 11 = 4*l + f. List the prime factors of l.
3
Let v(d) = 7*d - 1. Let k be v(7). Suppose 0 = -3*a - 0*a + k. Suppose -2*r + a = 2. What are the prime factors of r?
7
Let y be (56/32)/(2/64). Suppose y = 3*p + p. What are the prime factors of p?
2, 7
What are the prime factors of 62/(((-6)/(-18))/((-2)/(-12)))?
31
Suppose f = -f - 4. Let u be (f/(-4))/((-2)/(-4)). Let m(s) = 5*s**2. List the prime factors of m(u).
5
Let i be -6*1*3/(-6). Suppose -5*o = 4*v - 51, 2*v + i*o = -2*v + 53. Suppose -4*y + 82 = v. List the prime factors of y.
17
Let y(i) = i**2 + i + 28. Let r be y(0). Let l = 27 + -25. Suppose l*m = -2*m + r. What are the prime factors of m?
7
Let z(q) = -2*q**3 - 9*q**2 - 3*q - 16. List the prime factors of z(-7).
2, 5
Let j be 2*15/(-6)*-1. Suppose 0 = j*n - i - 17, 4*n + 6 - 13 = 3*i. Suppose -52 + 16 = -n*m. What are the prime factors of m?
3
Let n = 4 - -36. What are the prime factors of n?
2, 5
Let r be (0/1)/(4 - 6). Suppose 3*v + 0*v + 5*f + 9 = r, -3*v + f = -9. List the prime factors of v.
2
Let c = -80 + 159. What are the prime factors of c?
79
Let x(g) = -6*g**2 - 6*g + 5. Let p(j) = 2*j**2 + 2*j - 2. Let s(r) = -8*p(r) - 3*x(r). Suppose -o + 6 = -3*o. What are the prime factors of s(o)?
13
Let s be 3/3 - 9*-1. Suppose 0 = -5*k + s + 10. Suppose -2*u - k*o + 4 = -u, -5*o = -2*u + 34. List the prime factors of u.
2, 3
Let h = 16 + -9. List the prime factors of 23/h + 10/(-35).
3
Let o = 4 - 1. Suppose -o*u + 52 = u. List the prime factors of u.
13
Let x = -2 + 2. Suppose 2*u + 16 = 2*a, 5*u = -x*a + a - 16. Suppose -a*t + t - 16 = k, 0 = 3*k + 5*t + 8. List the prime factors of k.
2
Let u = 109 - -63. What are the prime factors of u?
2, 43
Let p(g) be the second derivative of -7/6*g**3 - g + 0 + 2/3*g**4 - 1/20*g**5 + 2*g**2. List the prime factors of p(7).
2
What are the prime factors of (-2)/(-10) - 1140/(-50)?
23
Let n(a) = 2*a**2 - 5*a - 5. List the prime factors of n(-4).
47
Let p = -65 + 183. List the prime factors of p.
2, 59
Let x = -4 - -5. Let y(s) = 5*s - 1. What are the prime factors of y(x)?
2
Let g = 68 + -102. Let z = -21 - g. Suppose 4 = -3*a + z. List the prime factors of a.
3
Suppose -h - 45 = 4*h. What are the prime factors of 1/((-1)/(2*h))?
2, 3
Let x(u) = -u**3 + 7*u**2 + 4*u - 7. Let i be x(7). Let o = 39 - i. List the prime factors of o.
2, 3
Let o(f) = f**3 + 7*f**2 - 3*f + 2. List the prime factors of o(-5).
67
Suppose 0 = 7*n + 2*n - 1368. What are the prime factors of n?
2, 19
Suppose -5*i - 34 = -109. Suppose -2 = -5*b + 2*m - 17, 0 = 3*m - i. Let y = b + 3. What are the prime factors of y?
2
Let b = 89 + -61. What are the prime factors of b?
2, 7
List the prime factors of (-4130)/(-60) + ((-2)/(-12))/1.
3, 23
Let t be (-3 - 2)/((-1)/(-9)). Let l = -28 - t. List the prime factors of l.
17
List the prime factors of (12/(-8))/(3/(-562)).
281
Let g = 282 + -199. What are the prime factors of g?
83
Let c(j) = -j. Let k be c(-4). Suppose -3*l - r + 34 = 0, 7*l - 52 = 2*l - k*r. List the prime factors of l.
2, 3
Suppose 5*u - 2*r - 90 = 3*r, 5*u - 4*r = 86. What are the prime factors of u?
2, 7
Let f = -441 - -646. List the prime factors of f.
5, 41
Let k = 5 + -1. Suppose -5 = -4*c - c. Let n = k + c. List the prime factors of n.
5
Suppose -z + 43 = 4*i, 4*i - 2*z - 25 - 9 = 0. Suppose 3*m - i = m. What are the prime factors of m?
5
What are the prime factors of -2*-1*(0 - -6)?
2, 3
Let z(a) = 20*a + 81. List the prime factors of z(13).
11, 31
Suppose -4*u = -6*u + v + 111, 3*u - v - 167 = 0. List the prime factors of u.
2, 7
Let g(h) = -h**2 - 15*h - 10. Let b be g(-14). Suppose b*l - 60 - 24 = 0. What are the prime factors of l?
3, 7
Suppose 64 = 5*r - 6. Let x be (-2)/(-7) + 80/r. What are the prime factors of -22*(-1 + 3/x)?
11
Let t(c) = 26*c**2 - 3*c + 2. List the prime factors of t(2).
2, 5
Let x(r) = 2*r**2 + 5*r + 2. Let f(q) = -5*q**2 - 15*q - 6. Let c(s) = -3*f(s) - 8*x(s). Let b be c(4). What are the prime factors of (b/(-5))/(12/(-40))?
2
Let f(n) = -4*n**3 + 5*n**2 + 5*n**3 + n**2 - 7*n. Let o be f(-7). Suppose o = 2*z + 3*x - 3, 1 = 2*z + 2*x - 7. List the prime factors of z.
3
Suppose 0 = 5*u - 7*l + 3*l - 1520, -3*u + 910 = -2*l. List the prime factors of u.
2, 3, 5
Let d = 3 + -2. Let g = -4 - -6. What are the prime factors of 6 + -2 + g 